{"id":39,"date":"2026-01-05T18:43:25","date_gmt":"2026-01-05T18:43:25","guid":{"rendered":"https:\/\/quincieux2026.fr\/?page_id=39"},"modified":"2026-02-23T15:08:07","modified_gmt":"2026-02-23T15:08:07","slug":"ambitions","status":"publish","type":"page","link":"https:\/\/quincieux2026.fr\/index.php\/ambitions\/","title":{"rendered":"Notre Programme"},"content":{"rendered":"\n<h2 class=\"wp-block-heading\"><strong>1 &#8211; Proposer des services accessibles et r\u00e9actifs, adapt\u00e9s aux besoins de tous les habitants\u00a0<\/strong><br><\/h2>\n\n\n\n<p><strong><em>Notre objectif : Garantir \u00e0 chacun un acc\u00e8s facilit\u00e9 aux services essentiels du quotidien, qu\u2019il s\u2019agisse de sant\u00e9, de commerces ou de mobilit\u00e9.<\/em><\/strong><\/p>\n\n\n\n<p><strong>COMMERCES ET MARCH\u00c9<\/strong><\/p>\n\n\n\n<p>\u2022 \u00c9laborer un <strong>plan de d\u00e9veloppement des commerces de proximit\u00e9<\/strong> : analyse des besoins, recherche de porteurs de projets et faciliter leur installation<\/p>\n\n\n\n<p>\u2022 <strong>Dynamiser le march\u00e9<\/strong> hebdomadaire par une communication renforc\u00e9e, des animations r\u00e9guli\u00e8res et l\u2019am\u00e9lioration des conditions d\u2019accueil<\/p>\n\n\n\n<p><strong>SOUTIEN \u00c0 L\u2019\u00c9CONOMIE LOCALE<\/strong><\/p>\n\n\n\n<p>\u2022 <strong>D\u00e9signer un interlocuteur d\u00e9di\u00e9 en mairie<\/strong> et <strong>organiser une rencontre annuelle avec les entreprises, les artisans et les commerces<\/strong><\/p>\n\n\n\n<p>\u2022 <strong>Renforcer les fili\u00e8res locales<\/strong> pour la restauration scolaire<strong>.<\/strong><\/p>\n\n\n\n<p><strong>SERVICES MUNICIPAUX&nbsp;<\/strong><\/p>\n\n\n\n<p>\u2022 <strong>Am\u00e9liorer<\/strong> la rapidit\u00e9 des r\u00e9ponses et <strong>optimiser l\u2019accueil<\/strong> du public en mairie<\/p>\n\n\n\n<p>\u2022 <strong>D\u00e9finir un plan de valorisation de nos b\u00e2timents communaux : <\/strong>entretien, r\u00e9novation, accessibilit\u00e9.<\/p>\n\n\n\n<p><strong>MOBILIT\u00c9 ET ACCESSIBILIT\u00c9<\/strong><\/p>\n\n\n\n<p>\u2022 <strong>Am\u00e9liorer l\u2019accessibilit\u00e9 du centre-bourg : <\/strong>solutions de stationnement, installation d\u2019arceaux v\u00e9los s\u00e9curis\u00e9s et cr\u00e9ation de cheminements pi\u00e9tons lisibles<\/p>\n\n\n\n<p>\u2022 <strong>D\u00e9velopper les mobilit\u00e9s douces<\/strong> entre le centre et les hameaux avec un jalonnement clair<\/p>\n\n\n\n<p>\u2022 <strong>Plan gare :<\/strong> r\u00e9pondre aux besoins en termes de stationnement et de s\u00e9curit\u00e9 (voitures, cycles, pi\u00e9tons)<\/p>\n\n\n\n<p><strong>SANT\u00c9<\/strong><\/p>\n\n\n\n<p>\u2022 <strong>Finaliser la construction de la Maison de Sant\u00e9<br>\u00a0Pluriprofessionnelle<\/strong> () pour continuer \u00e0 attirer de nouveaux praticiens et garantir une offre de soins diversifi\u00e9e des services de sant\u00e9\u00a0<\/p>\n\n\n\n<p><\/p>\n\n\n\n<p><\/p>\n\n\n\n<p><br><\/p>\n\n\n\n<p><\/p>\n\n\n\n<h2 class=\"wp-block-heading\"><strong>2 &#8211; Soutenir un village vivant, solidaire et interg\u00e9n\u00e9rationnel, o\u00f9 chacun trouve naturellement sa place<\/strong><br><\/h2>\n\n\n\n<p><strong><em>Notre objectif : Cr\u00e9er des services et des espaces adapt\u00e9s pour relier les g\u00e9n\u00e9rations et renforcer le lien dans notre commune.<\/em><\/strong><\/p>\n\n\n\n<p><strong>ACCOMPAGNEMENT DE NOS AINES<\/strong><\/p>\n\n\n\n<p>\u2022 <strong>Cr\u00e9er un guichet unique \u00ab Vivre ensemble\u00a0\u00bb en mairie<\/strong> proposant une orientation vers le CCAS*, les services seniors et l\u2019accompagnement dans les d\u00e9marches administratives, avec une <strong>permanence mensuelle<\/strong><\/p>\n\n\n\n<p>\u2022 Mise en place d\u2019un <strong>r\u00e9seau de b\u00e9n\u00e9voles solidaires<\/strong> pour les visites, les petits services et le transport ponctuel<\/p>\n\n\n\n<p><strong>JEUNESSE<\/strong><\/p>\n\n\n\n<p>\u2022 <strong>Innover avec de nouveaux projets orient\u00e9s vers nos adolescents<\/strong> (cin\u00e9ma en plein air, soir\u00e9es encadr\u00e9es, \u00e9v\u00e9nements sportifs, lieu de rencontre)<\/p>\n\n\n\n<p>\u2022 Engager une d\u00e9marche visant \u00e0 la <strong>cr\u00e9ation d\u2019un \u00ab\u00a0Espace jeunes \u00bb\u00a0 \u00a0<\/strong><\/p>\n\n\n\n<p><strong>SOLIDARIT\u00c9 INTERG\u00c9N\u00c9RATIONNELLE<\/strong><\/p>\n\n\n\n<p>\u2022 <strong>Renforcer les lieux d\u2019\u00e9change<\/strong> favorisant la convivialit\u00e9 entre g\u00e9n\u00e9rations<\/p>\n\n\n\n<p>\u2022 <strong>Organiser une journ\u00e9e interg\u00e9n\u00e9rationnelle annuelle<\/strong> r\u00e9unissant \u00e9coles, associations et seniors<\/p>\n\n\n\n<p><br><\/p>\n\n\n\n<h2 class=\"wp-block-heading\"><strong>3 &#8211; Conforter un d\u00e9veloppement harmonieux o\u00f9 les projets tiennent compte de notre cadre de vie et de notre environnement<\/strong><\/h2>\n\n\n\n<p><strong><em>Notre objectif : Conforter notre centre-bourg, pour am\u00e9liorer la vie de village, maintenir le caract\u00e8re rural et le cadre de vie de nos hameaux et de nos espaces pavillonnaires.<\/em><\/strong><\/p>\n\n\n\n<p><strong>PROJET CENTRE-BOURG<\/strong><\/p>\n\n\n\n<p>\u2022 <strong>Poursuivre le projet de construction de l\u2019\u00celot des Flandres<\/strong> (plan ci-contre) qui accueillera de nouveaux commerces et une r\u00e9sidence seniors () pour permettre \u00e0 nos a\u00een\u00e9s de rester dans le village<\/p>\n\n\n\n<p>\u2022 Am\u00e9nager des <strong>espaces publics accessibles aux personnes \u00e0 mobilit\u00e9 r\u00e9duite<\/strong>\u00a0<\/p>\n\n\n\n<p>\u2022 <strong>Favoriser l\u2019acc\u00e8s \u00e0 la propri\u00e9t\u00e9 pour nos jeunes<\/strong> en d\u00e9veloppant des offres \u00e0 prix abordable <\/p>\n\n\n\n<p><\/p>\n\n\n\n<p><strong>ENVIRONNEMENT ET CADRE DE VIE<\/strong><\/p>\n\n\n\n<p>\u2022 <strong>V\u00e9g\u00e9talisation cibl\u00e9e des cours d\u2019\u00e9coles, des aires de jeu et des parkings<\/strong> pour cr\u00e9er ombrage et fra\u00eecheur<\/p>\n\n\n\n<p>\u2022 <strong>R\u00e9cup\u00e9ration\/gestion des eaux pluviales<\/strong>&nbsp;<\/p>\n\n\n\n<p>\u2022 <strong>Pr\u00e9server la biodiversit\u00e9<\/strong> par des actions de sensibilisation \u00e0 l\u2019environnement gr\u00e2ce \u00e0 des projets participatifs\u00a0<\/p>\n\n\n\n<p>\u2022 <strong>Intensifier<\/strong> la lutte contre le moustique-tigre, le frelon asiatique, les chenilles processionnaires et les rongeurs par des <strong>actions pr\u00e9ventives responsables<\/strong><\/p>\n\n\n\n<p>\u2022 <strong>Poursuivre l\u2019enfouissement des r\u00e9seaux&nbsp;<\/strong><\/p>\n\n\n\n<p><strong>SECURIT\u00e9 \/ PR\u00c9VENTION<\/strong><\/p>\n\n\n\n<p>\u2022 <strong>Maintenir et adapter la vid\u00e9oprotection<\/strong>, police municipale pr\u00e9sente sur le terrain, poursuite de l\u2019action \u00ab Voisins vigilants \u00bb<\/p>\n\n\n\n<p><strong>SOUTIEN AU MONDE AGRICOLE<\/strong><\/p>\n\n\n\n<p>\u2022 <strong>Pr\u00e9server nos terres agricoles<\/strong> de toute urbanisation, accompagner les agriculteurs<br>dans l\u2019implantation et l\u2019entretien des haies<\/p>\n\n\n\n<p>\u2022 Mettre en avant leurs <strong>d\u00e9marches<br>agro\u00e9cologiques<\/strong>\u00a0<\/p>\n\n\n\n<p><\/p>\n\n\n\n<h2 class=\"wp-block-heading\"><br><strong>4 &#8211; Pr\u00e9server l\u2019esprit de notre commune<\/strong><\/h2>\n\n\n\n<p><strong><em>Notre objectif : Maintenir nos traditions et notre tissu associatif, moteur du dynamisme de notre village.<\/em><\/strong><\/p>\n\n\n\n<p><strong>ESPACES ASSOCIATIFS ET JEUNESSE<\/strong><\/p>\n\n\n\n<p>\u2022 <strong>Cr\u00e9er une halle polyvalente<\/strong> place de l\u2019\u00e9glise pour abriter les activit\u00e9s de nos associations et accueillir nos \u00e9v\u00e9nements (Exemple )\u00a0<\/p>\n\n\n\n<p>\u2022 Engager une d\u00e9marche visant \u00e0 la <strong>cr\u00e9ation d\u2019une nouvelle maison des associations int\u00e9grant un \u00ab\u00a0Espace jeunes \u00bb\u00a0 \u00a0<\/strong><\/p>\n\n\n\n<p><strong>VIE ASSOCIATIVE<\/strong><\/p>\n\n\n\n<p>\u2022 <strong>Renforcer la visibilit\u00e9 des associations<\/strong> par un calendrier partag\u00e9, une communication renforc\u00e9e, le pr\u00eat de mat\u00e9riel, et un soutien logistique<\/p>\n\n\n\n<p>\u2022 <strong>F\u00e9d\u00e9rer plusieurs associations<\/strong> autour d\u2019\u00e9v\u00e9nements communs<\/p>\n\n\n\n<p>\u2022 Favoriser les <strong>coop\u00e9rations intercommunales<\/strong> avec le Val de Sa\u00f4ne<\/p>\n\n\n\n<p><strong>CULTURE ET ENSEIGNEMENT<\/strong><\/p>\n\n\n\n<p>\u2022 <strong>\u00c9cole de musique :<\/strong> diagnostic des besoins en termes de locaux, confort et espaces, puis \u00e9laboration d\u2019un projet de modernisation<\/p>\n\n\n\n<p>\u2022 <strong>Continuer \u00e0 d\u00e9velopper des partenariats<\/strong> entre les \u00e9coles et les associations dans les domaines artistique, sportif et culturel<br><\/p>\n\n\n\n<p><br><br><\/p>\n\n\n\n<h2 class=\"wp-block-heading\"><strong>5 &#8211; G\u00e9rer avec responsabilit\u00e9 et innovation<\/strong><\/h2>\n\n\n\n<p><\/p>\n\n\n\n<p><strong><em>Notre objectif : Mettre en place une gestion transparente et moderne de la commune, en associant les habitants aux d\u00e9cisions.<\/em><\/strong><\/p>\n\n\n\n<p><strong>TRANSPARENCE ET COMMUNICATION<\/strong><\/p>\n\n\n\n<p>\u2022 Adopter une m\u00e9thode de <strong>\u00ab projets chiffr\u00e9s et expliqu\u00e9s\u00a0\u00bb<\/strong>\u00a0: pr\u00e9sentation syst\u00e9matique des co\u00fbts, du calendrier, des b\u00e9n\u00e9fices et des alternatives<\/p>\n\n\n\n<p>\u2022 <strong>Consolider la communication :<\/strong> maintien de la \u00ab\u00a0gazette\u00a0\u00bb et du site internet, pr\u00e9sence plus dynamique sur les r\u00e9seaux sociaux<\/p>\n\n\n\n<p><strong>PARTICIPATION CITOYENNE<\/strong><\/p>\n\n\n\n<p>\u2022 <strong>Organiser des temps d\u2019\u00e9change courts et th\u00e9matiques\u00a0:<\/strong> r\u00e9unions cibl\u00e9es, caf\u00e9s des \u00e9lus \u2026<\/p>\n\n\n\n<p>\u2022 <strong>Donner la parole aux habitants<\/strong>&nbsp;<\/p>\n\n\n\n<p><strong>FAIRE VALOIR LES INT\u00c9R\u00caTS COMMUNAUX<\/strong><\/p>\n\n\n\n<p>\u2022 <strong>D\u00e9fendre les dossiers de Quincieux aupr\u00e8s de la M\u00e9tropole : <\/strong>mobilit\u00e9s, s\u00e9curit\u00e9 routi\u00e8re, am\u00e9nagements structurants<\/p>\n\n\n\n<p><strong>ENTRETIEN DES B\u00c2TIMENTS COMMUNAUX ET SOBRI\u00c9T\u00c9 \u00c9NERG\u00c9TIQUE<\/strong><\/p>\n\n\n\n<p>\u2022 <strong>Audit et plan d\u2019action sur la sobri\u00e9t\u00e9 \u00e9nerg\u00e9tique des b\u00e2timents communaux<\/strong><\/p>\n\n\n\n<p>\u2022 Engager des <strong>investissements responsables et phas\u00e9s <\/strong>pour r\u00e9duire durablement les co\u00fbts \u00e9nerg\u00e9tiques<\/p>\n\n\n\n<p>\u2022 <strong>G\u00e9rer strat\u00e9giquement le foncier communal<\/strong> pour anticiper les besoins futurs en \u00e9quipements tout en pr\u00e9servant l\u2019\u00e9quilibre et le caract\u00e8re de notre village<br><\/p>\n","protected":false},"excerpt":{"rendered":"<p>1 &#8211; Proposer des services accessibles et r\u00e9actifs, adapt\u00e9s aux besoins de tous les habitants\u00a0 Notre objectif : Garantir \u00e0 chacun un acc\u00e8s facilit\u00e9 aux services essentiels du quotidien, qu\u2019il s\u2019agisse de sant\u00e9, de commerces ou de mobilit\u00e9. COMMERCES ET MARCH\u00c9 \u2022 \u00c9laborer un plan de d\u00e9veloppement des commerces de proximit\u00e9 : analyse des besoins, &hellip; <\/p>\n<p class=\"link-more\"><a href=\"https:\/\/quincieux2026.fr\/index.php\/ambitions\/\" class=\"more-link\">Continuer la lecture<span class=\"screen-reader-text\"> de &laquo;&nbsp;Notre Programme&nbsp;&raquo;<\/span><\/a><\/p>\n","protected":false},"author":1,"featured_media":0,"parent":0,"menu_order":0,"comment_status":"closed","ping_status":"closed","template":"","meta":{"footnotes":""},"class_list":["post-39","page","type-page","status-publish","hentry"],"_links":{"self":[{"href":"https:\/\/quincieux2026.fr\/index.php\/wp-json\/wp\/v2\/pages\/39","targetHints":{"allow":["GET"]}}],"collection":[{"href":"https:\/\/quincieux2026.fr\/index.php\/wp-json\/wp\/v2\/pages"}],"about":[{"href":"https:\/\/quincieux2026.fr\/index.php\/wp-json\/wp\/v2\/types\/page"}],"author":[{"embeddable":true,"href":"https:\/\/quincieux2026.fr\/index.php\/wp-json\/wp\/v2\/users\/1"}],"replies":[{"embeddable":true,"href":"https:\/\/quincieux2026.fr\/index.php\/wp-json\/wp\/v2\/comments?post=39"}],"version-history":[{"count":15,"href":"https:\/\/quincieux2026.fr\/index.php\/wp-json\/wp\/v2\/pages\/39\/revisions"}],"predecessor-version":[{"id":388,"href":"https:\/\/quincieux2026.fr\/index.php\/wp-json\/wp\/v2\/pages\/39\/revisions\/388"}],"wp:attachment":[{"href":"https:\/\/quincieux2026.fr\/index.php\/wp-json\/wp\/v2\/media?parent=39"}],"curies":[{"name":"wp","href":"https:\/\/api.w.org\/{rel}","templated":true}]}}